when n is divided by 11?
5
Let z = 71 + -67. Suppose z*r + 625 = 833. Suppose 7*f - 3*x = 2*f + 506, -4*f - 2*x + 418 = 0. Calculate the remainder when f is divided by r.
51
Let y = -87 + 91. Suppose y*x - 894 = -2*n, 0 = 2*n + 2. Suppose -1078 = -7*k - x. What is the remainder when k is divided by 25?
22
Let s(f) = -60*f**2 - 960*f + 9. What is the remainder when 2255 is divided by s(-16)?
5
Calculate the remainder when ((-180)/(-48))/(5/((-520)/(-3))) is divided by (-120)/(-6) - (-1 + 2).
16
Let w(i) = 7*i**3 - i**2 + 2*i - 1. Suppose 38*x - 28*x - 100 = 0. What is the remainder when x - 17 - 1*-25 is divided by w(1)?
4
Let x = 3947 - 3745. Suppose w = 1 + 28. Calculate the remainder when x is divided by w.
28
Let v(m) = 9*m + 50. Let o be v(-6). Let w be o - -3 - (-1 - 59). Suppose 5*g = -5*r + 37 + 28, -r - w = -3*g. Calculate the remainder when 52 is divided by g.
16
Calculate the remainder when (2 + 2)/1 + (-1)/((-1)/75) is divided by 4.
3
Let c = -1691 + 1875. Calculate the remainder when c is divided by 73.
38
Suppose o = -0*o + 29. Suppose 13*p - 66*p = 178*p - 45738. What is the remainder when p is divided by o?
24
Suppose -7*o + 3 = 31. Let b be o/20 - 72/(-10). Suppose 0 = w - b. What is the remainder when 47 is divided by w?
5
Let i(w) = 8*w**2 - 4*w + 7. Let n be i(5). Let u = -168 + n. Calculate the remainder when 35 is divided by u.
16
Let q(z) be the second derivative of z**5/20 - 2*z**4/3 - z**3/3 + 7*z**2 + 12*z. Let h be q(8). Let s = 41 - h. What is the remainder when s is divided by 13?
4
Let r = -1399 - -3287. What is the remainder when r is divided by 18?
16
Calculate the remainder when 259 is divided by 4 + ((-5880)/14)/(-20).
9
Let v be ((-43)/(-4) - -2)/((-18)/(-48)). Suppose v = 59*h - 57*h. Let x = 38 - h. What is the remainder when 80 is divided by x?
17
Suppose -4*o + 2*i + 0 = -90, -7*i + 49 = 0. What is the remainder when 10293 is divided by o?
23
Let m(h) = h + 24. Let c = 161 + -176. Calculate the remainder when 16 is divided by m(c).
7
Suppose -15*f = 4 - 4. Suppose 2*o + 3*b - 730 = -3*o, f = 3*o - 3*b - 438. What is the remainder when o is divided by 49?
48
Let b = 5668 + -3428. Calculate the remainder when b is divided by 9.
8
Let d(j) = 23*j**2 - 6*j. Let r(k) = -4*k**2 + k. Let m(g) = -6*d(g) - 34*r(g). Let q be m(6). What is the remainder when ((-8)/60*3)/(1/q) is divided by 7?
3
Suppose -2*j + 4*j = 0. Let k be 117/78 - (-1 - 114/4). Suppose j*w + w - k = 0. Calculate the remainder when w is divided by 8.
7
Let u be (-2)/(-18) + 3*4/(-108). Suppose u*z - 109 = -z - 5*q, -522 = -5*z - 2*q. Let m = 130 - z. Calculate the remainder when 102 is divided by m.
24
Let h = 107 + -138. Let f(t) = 2*t**2 - 7*t - 2. Calculate the remainder when f(5) is divided by h/18*-3 + 6/(-36).
3
Let l = 26292 - 25961. Calculate the remainder when l is divided by 65.
6
Let m be (4 + -3)/((8/20)/2). Suppose m*f - 103 - 12 = 0. Suppose -q - 1012 = -f*q. Calculate the remainder when 89 is divided by q.
43
Suppose 33*b + 971 = 5*d + 32*b, -b = 3*d - 581. What is the remainder when d is divided by 49?
47
Let z = -2479 + 3894. Calculate the remainder when z is divided by 59.
58
Let b(r) = 2*r**3 + 23*r**2 - 48*r + 15. Calculate the remainder when 416 is divided by b(-13).
20
Let q(a) = -920*a + 3883. Calculate the remainder when 413 is divided by q(4).
7
Suppose -317 = -r + c, 5*r - c = 1228 + 373. What is the remainder when r is divided by 37?
25
Suppose -31617 + 1441 = -4*r. Suppose 7*y = -y + r. Calculate the remainder when 57 is divided by y/46 + (-2)/4.
17
Let r = -4338 + 5070. What is the remainder when r is divided by 5?
2
Let m = -2407 + 3395. What is the remainder when m is divided by 14?
8
Let c = -341 + 341. Suppose c = 21*o - 15*o - 3738. What is the remainder when o is divided by 26?
25
Let k = -17 - -31. Let q = -7061 - -7057. Let i = q + k. What is the remainder when 34 is divided by i?
4
Let n = -22 - -60. Let y(o) = 15*o + o**3 - 5*o**3 + o - 14*o**2 - 13*o - 6 + o. Calculate the remainder when n is divided by y(-4).
8
Let s(x) = x**3 - 7*x**2 + 4*x + 12. Suppose -4*d + 5*d - 41 = 0. Calculate the remainder when d is divided by s(0).
5
Let j = -476 - -536. Calculate the remainder when 657 is divided by j.
57
Let l = -216 - -221. Suppose 2*d + l = 35. What is the remainder when 118 is divided by d?
13
Let q = -19893 - -28292. What is the remainder when q is divided by 25?
24
Let j = 857 - 855. Let o(f) = -7*f**3 + 3*f**2 + 4*f. Let s be o(-4). Suppose -j*x = -12*x + s. Calculate the remainder when x is divided by 10.
8
Let r be (4 - 95/25) + 471/(-5). Let l = r + 193. Calculate the remainder when l is divided by ((-1)/(-3) + 0)*51.
14
Let h(d) be the third derivative of -d**4/8 - 25*d**3/6 - 2*d**2 + 2*d. Calculate the remainder when 251 is divided by h(-12).
9
Let z(q) = -13 - 1 + 11*q + 1. Let w(m) = 18*m - 267. Let v be w(15). Calculate the remainder when z(v) is divided by 8.
4
Let d = -20 + 16. What is the remainder when (9/(-2))/((-4 - -6)/d) is divided by 6*6/27 + (-10)/(-6)?
0
Let r(b) = 7*b**2 - 36*b - 344. What is the remainder when r(-9) is divided by 138?
133
What is the remainder when 423 is divided by 39 + (5/1 - -5)?
31
Suppose -4*q - 5*x + 6941 = 0, -2*q = 1455*x - 1456*x - 3481. Calculate the remainder when q is divided by 15.
14
Suppose 2*x + 450 = 77*x. Suppose -9*r = -1346 - 940. Calculate the remainder when r is divided by x.
2
Let x be 2/8*-1 + 1125/100. Let t(y) = -13*y + 208. Calculate the remainder when t(x) is divided by (0 + -1)/(2/(-68)).
31
Let g(v) = 135*v - 3385. What is the remainder when g(26) is divided by 70?
55
Suppose 23*o = 113*o - 70830. Calculate the remainder when 2377 is divided by o.
16
Let b = -14 + 26. Suppose -5*l = 3*p - 124, 111 + 64 = 5*p + 2*l. What is the remainder when p is divided by b?
9
Let s be ((630/49)/(-9))/((-2)/28). Suppose 339 = s*n + 19. Calculate the remainder when 63 is divided by n.
15
What is the remainder when 1455 is divided by 3/2 - 55590/(-204)*3/15?
55
Suppose 5*h = -t - 88 + 235, -t = -2*h + 49. Calculate the remainder when 3943 is divided by h.
23
Let r(x) = x**3 + 13*x**2 + 39*x + 2. Calculate the remainder when 7709 is divided by r(-8).
9
Let w be ((-12)/10*1)/((-12)/150). What is the remainder when 147 is divided by -75*(2 - 35/w)?
22
Let h = -565 - -943. Let j = h + -315. What is the remainder when j is divided by 21?
0
Let f = 48369 - 47241. What is the remainder when 1136 is divided by f?
8
Suppose -43 + 208 = 33*l. Suppose 4*m + 3*d - 155 = 0, 0 = -l*d + 8*d - 3. Calculate the remainder when 149 is divided by m.
35
Suppose 0 = -23*u + 68*u + 2163 - 11568. What is the remainder when 1258 is divided by u?
4
Suppose 2*q + 3*a = -3*q - 180, 4*a - 180 = 5*q. What is the remainder when q/270 + (-587)/(-15) is divided by 10?
9
Let b(w) = -42*w**2 + 18*w**2 - 10*w + 11*w**2 + w**3 + 10*w**2 + 23. What is the remainder when b(9) is divided by 12?
11
Suppose 2*i + 847 = 5*j, j + 511 = 4*j - 4*i. Suppose j = 6*b + 7*b. What is the remainder when 193 is divided by b?
11
Let v = 229 - 206. Let l = 34 - v. Calculate the remainder when 16 is divided by l.
5
Let h = 2251 + -2083. Calculate the remainder when 508 is divided by h.
4
Let o = 245 + 504. Let d = o + -734. Calculate the remainder when 142 is divided by d.
7
Let m(a) = a**3 + 8*a**2 - 20*a - 6. What is the remainder when 545 is divided by m(-8)?
83
Let i(h) = -8*h**3 - 9*h**2 + 6*h + 5. Calculate the remainder when i(-3) is divided by 97.
25
Suppose 0 = 4*a - a - 6. Suppose -g + 66 = -5*k, 7*g - 310 = a*g + 5*k. Let h = 71 - g. What is the remainder when 35 is divided by h?
5
Let l = 7286 + -5999. Calculate the remainder when l is divided by 639.
9
Let l = -2930 - -3161. What is the remainder when l is divided by 18?
15
Calculate the remainder when (-8)/(-10) + -35 + 35 + 24662/10 is divided by 113.
94
Let d = 27 - 53. Calculate the remainder when 42 is divided by 154/19 + d/247.
2
Suppose -c + 0*c = -4. Suppose 3*p - c*n = 4*p - 83, 3*p - 2*n - 249 = 0. Let j(h) = -131*h + 9315. What is the remainder when p is divided by j(71)?
13
Suppose 0 = -5*h + 103 + 52. Suppose 4*j + j + 3*p - 49 = 0, -5*j = -3*p - h. Suppose 4*m = 148 + 28. What is the remainder when m is divided by j?
4
Suppose